{"id":237,"date":"2021-10-29T23:12:45","date_gmt":"2021-10-29T21:12:45","guid":{"rendered":"https:\/\/avecchristine.fr\/?page_id=237"},"modified":"2022-06-01T09:36:24","modified_gmt":"2022-06-01T07:36:24","slug":"mobilise-avec-quitterie-de-villepin","status":"publish","type":"page","link":"https:\/\/avecchristine.fr\/?page_id=237","title":{"rendered":"Je me mobilise"},"content":{"rendered":"\n<div class=\"wp-block-group alignfull\"><div class=\"wp-block-group__inner-container is-layout-flow wp-block-group-is-layout-flow\">\n<p>Nous avons besoin de vos bras, de vos id\u00e9es et de votre mobilisation autour de la campagne de Christine Michalet&nbsp;: pour aller \u00e0 la rencontre des habitantes et habitants, partager les id\u00e9es, faire parler de cette campagne citoyenne sur les r\u00e9seaux sociaux.<\/p>\n\n\n\n<p>Une campagne \u00e9lectorale se gagne sur le terrain car \u00ab\u00a0la politique est dans la rue\u00a0\u00bb. Elle se gagne  aussi par l\u2019action conjointe de l&rsquo;\u00e9quipe de la candidate, des sympathisantes et des sympathisants, des habitantes et des habitants, des \u00e9lectrices et des \u00e9lecteurs, de la candidate : de chacune et de chacun d\u2019entre nous.&nbsp;&nbsp;<\/p>\n\n\n\n<p>Allions nos voix pour aller \u00e0 l\u2019Assembl\u00e9e nationale et mettre en \u0153uvre ce mandat pionnier dans la 3\u00e8me circonscription !&nbsp;<\/p>\n\n\n\n<p>3 fa\u00e7ons de se mobiliser !<\/p>\n\n\n\n<p><\/p>\n<\/div><\/div>\n\n\n\n<div class=\"wp-block-columns alignwide is-layout-flex wp-container-core-columns-is-layout-9d6595d7 wp-block-columns-is-layout-flex\">\n<div class=\"wp-block-column is-layout-flow wp-block-column-is-layout-flow\">\n<h3 class=\"type-mob wp-block-heading\" id=\"j-aime-les-activites-outdoor-je-vais-sur-le-terrain\">J\u2019AIME LES ACTIVIT\u00c9S OUTDOOR : je vais sur le terrain<\/h3>\n\n\n\n<p><span class=\"duree-mob\">30 minutes&nbsp;!<\/span> Je distribue le flyer et la consultation pr\u00e8s des \u00e9coles de 8h15 \u00e0 8h30, ou 16h20-16h40.<\/p>\n\n\n\n<p><\/p>\n\n\n\n<p><span class=\"duree-mob\">1h30 !<\/span> Je distribue le flyer et la consultation au march\u00e9 \u00e0 c\u00f4t\u00e9 de chez moi : Ordener, Porte Montmartre, Batignolles, Navier&#8230;<\/p>\n\n\n\n<p><span class=\"duree-mob\">2h !<\/span> J\u2019organise une rencontre d\u20191h avec la candidate pour 5 \u00e0 8 de mes voisines et voisins des 17\u00e8me et 18\u00e8me arrondissements. Au caf\u00e9 si mon salon est trop petit.<\/p>\n\n\n\n<p class=\"call-to-action\"><a href=\"mailto:contactcm@avecchristine.fr\" target=\"_blank\" rel=\"noreferrer noopener\">Je rejoins l&rsquo;\u00e9quipe <\/a><\/p>\n\n\n\n<p><\/p>\n<\/div>\n\n\n\n<div class=\"wp-block-column is-layout-flow wp-block-column-is-layout-flow\">\n<h3 class=\"type-mob wp-block-heading\" id=\"j-aime-rester-devant-mon-ecran-je-participe-en-ligne\">J\u2019AIME RESTER DEVANT MON \u00c9CRAN : je participe en ligne<\/h3>\n\n\n\n<p><span class=\"duree-mob\">15 secondes !<\/span> Je partage les contenus des pages <a href=\"https:\/\/www.facebook.com\/QuitteriedeVillepin\/\" target=\"_blank\" rel=\"noreferrer noopener\">Facebook<\/a>,  <a href=\"https:\/\/www.instagram.com\/quitteriedv\/\" target=\"_blank\" rel=\"noreferrer noopener\">Instagram<\/a> de la campagne de Christine Michalet.<\/p>\n\n\n\n<p><span class=\"duree-mob\">5 minutes !<\/span> J\u2019invite 10 amies et amis \u00e0 s\u2019abonner \u00e0 la page <a href=\"https:\/\/www.facebook.com\/QuitteriedeVillepin\/\" target=\"_blank\" rel=\"noreferrer noopener\">facebook<\/a>.<\/p>\n\n\n\n<p><span class=\"duree-mob\">10 minutes !<\/span> Je fais passer le flyer  \u00e0 10 de mes contacts habitant les 17 et 18\u00e8me arrondissements.<\/p>\n\n\n\n<p><span class=\"duree-mob\">2 heures par semaine !<\/span><\/p>\n\n\n\n<p class=\"call-to-action\"><a href=\"mailto:contactcm@avecchristine.fr\">Je rejoins l\u2019\u00e9quipe communication en ligne<\/a><\/p>\n<\/div>\n\n\n\n<div class=\"wp-block-column is-layout-flow wp-block-column-is-layout-flow\">\n<h3 class=\"type-mob wp-block-heading\" id=\"j-ai-envie-de-construire-une-democratie-moderne\">J\u2019AI ENVIE DE CONSTRUIRE UNE D\u00c9MOCRATIE VIVANTE<\/h3>\n\n\n\n<p><span class=\"duree-mob\"> 2heures  !<\/span> Je participe \u00e0 la co-construction de l\u2019Agora locale.<\/p>\n\n\n\n<p><span class=\"duree-mob\">3 heures  !<\/span> Je rejoins l\u2019\u00e9quipe d\u2019accueil et de facilitation des r\u00e9unions de co-construction de l&rsquo;Agora locale.<\/p>\n\n\n\n<p><\/p>\n\n\n\n<p class=\"call-to-action\"><a href=\"mailto:contactcm@avecchristine.fr\">Je m&rsquo;inscris pour une prochaine r\u00e9union <\/a><\/p>\n\n\n\n<p><\/p>\n<\/div>\n<\/div>\n\n\n\n<div class=\"wp-block-columns alignwide is-layout-flex wp-container-core-columns-is-layout-9d6595d7 wp-block-columns-is-layout-flex\" id=\"co-construction\">\n<div class=\"wp-block-column is-layout-flow wp-block-column-is-layout-flow\" style=\"flex-basis:33.33%\"><div class=\"wp-block-image\">\n<figure class=\"alignright size-full\"><img loading=\"lazy\" decoding=\"async\" width=\"625\" height=\"518\" src=\"https:\/\/avecchristine.fr\/wp-content\/uploads\/2022\/05\/REUNIONSPUBLIQUES-1.png\" alt=\"\" class=\"wp-image-2390\" srcset=\"https:\/\/avecchristine.fr\/wp-content\/uploads\/2022\/05\/REUNIONSPUBLIQUES-1.png 625w, https:\/\/avecchristine.fr\/wp-content\/uploads\/2022\/05\/REUNIONSPUBLIQUES-1-300x249.png 300w\" sizes=\"auto, (max-width: 625px) 100vw, 625px\" \/><\/figure>\n<\/div><\/div>\n\n\n\n<div class=\"wp-block-column is-layout-flow wp-block-column-is-layout-flow\" style=\"flex-basis:66.66%\">\n<p class=\"has-large-font-size\" style=\"line-height:1.6\">D\u00e9bat organis\u00e9 par Sytteen avec d&rsquo;autres candidats le 1er juin \u00e0 17h 5 rue bois Lepr\u00eatre<\/p>\n\n\n\n<p><strong>Vendredi 3 juin 10h30 place No\u00ebl VEG 10h30<\/strong><\/p>\n\n\n\n<p><strong>Samedi 4 juin 14h30 <\/strong>Entr\u00e9e parc Lepr\u00eatre  ou parc Navier<\/p>\n\n\n\n<p><strong>Lundi 6 juin 20h \u00ab\u00a0L&rsquo;impr\u00e9vu\u00a0\u00bb <\/strong>115 boulevard Ney<\/p>\n\n\n\n<p><strong>Mardi 7 juin 14h \u00ab\u00a0La Brasserie de la poste\u00a0\u00bb <\/strong>8 avenue porte Montmartre<\/p>\n\n\n\n<p><strong>Mercredi 8 juin 18h30 \u00ab\u00a0Le Tempo\u00a0\u00bb<\/strong> 18 rue Brochant<\/p>\n\n\n\n<p> <\/p>\n<\/div>\n<\/div>\n\n\n\n<p><br><br><br><\/p>\n","protected":false},"excerpt":{"rendered":"<p>Nous avons besoin de vos bras, de vos id\u00e9es et de votre mobilisation autour de la campagne de Christine Michalet&nbsp;: pour aller \u00e0 la rencontre des habitantes et habitants, partager les id\u00e9es, faire parler de cette campagne citoyenne sur les r\u00e9seaux sociaux. Une campagne \u00e9lectorale se gagne sur le terrain car \u00ab\u00a0la politique est dans&hellip; <a class=\"more-link\" href=\"https:\/\/avecchristine.fr\/?page_id=237\">Poursuivre la lecture <span class=\"screen-reader-text\">Je me mobilise<\/span><\/a><\/p>\n","protected":false},"author":13,"featured_media":0,"parent":0,"menu_order":0,"comment_status":"closed","ping_status":"closed","template":"","meta":{"footnotes":""},"class_list":["post-237","page","type-page","status-publish","hentry","entry"],"yoast_head":"<!-- This site is optimized with the Yoast SEO plugin v27.4 - https:\/\/yoast.com\/product\/yoast-seo-wordpress\/ -->\n<title>Je me mobilise - Avec christine<\/title>\n<meta name=\"description\" content=\"Mobiliser pour la campagne Quitterie de Villepin candidate l\u00e9gislatives 2022, 2\u00e8me circonscription de Paris, 5\u00e8me, 6\u00e8me, 7\u00e8me arrondissements\" \/>\n<meta name=\"robots\" content=\"index, follow, max-snippet:-1, max-image-preview:large, max-video-preview:-1\" \/>\n<link rel=\"canonical\" href=\"https:\/\/avecchristine.fr\/?page_id=237\" \/>\n<meta property=\"og:locale\" content=\"fr_FR\" \/>\n<meta property=\"og:type\" content=\"article\" \/>\n<meta property=\"og:title\" content=\"Je me mobilise - Avec christine\" \/>\n<meta property=\"og:description\" content=\"Mobiliser pour la campagne Quitterie de Villepin candidate l\u00e9gislatives 2022, 2\u00e8me circonscription de Paris, 5\u00e8me, 6\u00e8me, 7\u00e8me arrondissements\" \/>\n<meta property=\"og:url\" content=\"https:\/\/avecchristine.fr\/?page_id=237\" \/>\n<meta property=\"og:site_name\" content=\"Avec christine\" \/>\n<meta property=\"article:publisher\" content=\"https:\/\/www.facebook.com\/QuitteriedeVillepin\/\" \/>\n<meta property=\"article:modified_time\" content=\"2022-06-01T07:36:24+00:00\" \/>\n<meta property=\"og:image\" content=\"https:\/\/avecchristine.fr\/wp-content\/uploads\/2022\/05\/REUNIONSPUBLIQUES-1.png\" \/>\n<meta name=\"twitter:card\" content=\"summary_large_image\" \/>\n<meta name=\"twitter:site\" content=\"@Quitt3rie\" \/>\n<meta name=\"twitter:label1\" content=\"Dur\u00e9e de lecture estim\u00e9e\" \/>\n\t<meta name=\"twitter:data1\" content=\"3 minutes\" \/>\n<script type=\"application\/ld+json\" class=\"yoast-schema-graph\">{\"@context\":\"https:\\\/\\\/schema.org\",\"@graph\":[{\"@type\":\"WebPage\",\"@id\":\"https:\\\/\\\/avecchristine.fr\\\/?page_id=237\",\"url\":\"https:\\\/\\\/avecchristine.fr\\\/?page_id=237\",\"name\":\"Je me mobilise - Avec christine\",\"isPartOf\":{\"@id\":\"https:\\\/\\\/avecchristine.fr\\\/#website\"},\"primaryImageOfPage\":{\"@id\":\"https:\\\/\\\/avecchristine.fr\\\/?page_id=237#primaryimage\"},\"image\":{\"@id\":\"https:\\\/\\\/avecchristine.fr\\\/?page_id=237#primaryimage\"},\"thumbnailUrl\":\"https:\\\/\\\/avecchristine.fr\\\/wp-content\\\/uploads\\\/2022\\\/05\\\/REUNIONSPUBLIQUES-1.png\",\"datePublished\":\"2021-10-29T21:12:45+00:00\",\"dateModified\":\"2022-06-01T07:36:24+00:00\",\"description\":\"Mobiliser pour la campagne Quitterie de Villepin candidate l\u00e9gislatives 2022, 2\u00e8me circonscription de Paris, 5\u00e8me, 6\u00e8me, 7\u00e8me arrondissements\",\"breadcrumb\":{\"@id\":\"https:\\\/\\\/avecchristine.fr\\\/?page_id=237#breadcrumb\"},\"inLanguage\":\"fr-FR\",\"potentialAction\":[{\"@type\":\"ReadAction\",\"target\":[\"https:\\\/\\\/avecchristine.fr\\\/?page_id=237\"]}]},{\"@type\":\"ImageObject\",\"inLanguage\":\"fr-FR\",\"@id\":\"https:\\\/\\\/avecchristine.fr\\\/?page_id=237#primaryimage\",\"url\":\"https:\\\/\\\/avecchristine.fr\\\/wp-content\\\/uploads\\\/2022\\\/05\\\/REUNIONSPUBLIQUES-1.png\",\"contentUrl\":\"https:\\\/\\\/avecchristine.fr\\\/wp-content\\\/uploads\\\/2022\\\/05\\\/REUNIONSPUBLIQUES-1.png\",\"width\":625,\"height\":518},{\"@type\":\"BreadcrumbList\",\"@id\":\"https:\\\/\\\/avecchristine.fr\\\/?page_id=237#breadcrumb\",\"itemListElement\":[{\"@type\":\"ListItem\",\"position\":1,\"name\":\"Accueil\",\"item\":\"https:\\\/\\\/avecchristine.fr\\\/\"},{\"@type\":\"ListItem\",\"position\":2,\"name\":\"Je me mobilise\"}]},{\"@type\":\"WebSite\",\"@id\":\"https:\\\/\\\/avecchristine.fr\\\/#website\",\"url\":\"https:\\\/\\\/avecchristine.fr\\\/\",\"name\":\"Avec christine\",\"description\":\"Et si on y allait\",\"potentialAction\":[{\"@type\":\"SearchAction\",\"target\":{\"@type\":\"EntryPoint\",\"urlTemplate\":\"https:\\\/\\\/avecchristine.fr\\\/?s={search_term_string}\"},\"query-input\":{\"@type\":\"PropertyValueSpecification\",\"valueRequired\":true,\"valueName\":\"search_term_string\"}}],\"inLanguage\":\"fr-FR\"}]}<\/script>\n<!-- \/ Yoast SEO plugin. -->","yoast_head_json":{"title":"Je me mobilise - Avec christine","description":"Mobiliser pour la campagne Quitterie de Villepin candidate l\u00e9gislatives 2022, 2\u00e8me circonscription de Paris, 5\u00e8me, 6\u00e8me, 7\u00e8me arrondissements","robots":{"index":"index","follow":"follow","max-snippet":"max-snippet:-1","max-image-preview":"max-image-preview:large","max-video-preview":"max-video-preview:-1"},"canonical":"https:\/\/avecchristine.fr\/?page_id=237","og_locale":"fr_FR","og_type":"article","og_title":"Je me mobilise - Avec christine","og_description":"Mobiliser pour la campagne Quitterie de Villepin candidate l\u00e9gislatives 2022, 2\u00e8me circonscription de Paris, 5\u00e8me, 6\u00e8me, 7\u00e8me arrondissements","og_url":"https:\/\/avecchristine.fr\/?page_id=237","og_site_name":"Avec christine","article_publisher":"https:\/\/www.facebook.com\/QuitteriedeVillepin\/","article_modified_time":"2022-06-01T07:36:24+00:00","og_image":[{"url":"https:\/\/avecchristine.fr\/wp-content\/uploads\/2022\/05\/REUNIONSPUBLIQUES-1.png","type":"","width":"","height":""}],"twitter_card":"summary_large_image","twitter_site":"@Quitt3rie","twitter_misc":{"Dur\u00e9e de lecture estim\u00e9e":"3 minutes"},"schema":{"@context":"https:\/\/schema.org","@graph":[{"@type":"WebPage","@id":"https:\/\/avecchristine.fr\/?page_id=237","url":"https:\/\/avecchristine.fr\/?page_id=237","name":"Je me mobilise - Avec christine","isPartOf":{"@id":"https:\/\/avecchristine.fr\/#website"},"primaryImageOfPage":{"@id":"https:\/\/avecchristine.fr\/?page_id=237#primaryimage"},"image":{"@id":"https:\/\/avecchristine.fr\/?page_id=237#primaryimage"},"thumbnailUrl":"https:\/\/avecchristine.fr\/wp-content\/uploads\/2022\/05\/REUNIONSPUBLIQUES-1.png","datePublished":"2021-10-29T21:12:45+00:00","dateModified":"2022-06-01T07:36:24+00:00","description":"Mobiliser pour la campagne Quitterie de Villepin candidate l\u00e9gislatives 2022, 2\u00e8me circonscription de Paris, 5\u00e8me, 6\u00e8me, 7\u00e8me arrondissements","breadcrumb":{"@id":"https:\/\/avecchristine.fr\/?page_id=237#breadcrumb"},"inLanguage":"fr-FR","potentialAction":[{"@type":"ReadAction","target":["https:\/\/avecchristine.fr\/?page_id=237"]}]},{"@type":"ImageObject","inLanguage":"fr-FR","@id":"https:\/\/avecchristine.fr\/?page_id=237#primaryimage","url":"https:\/\/avecchristine.fr\/wp-content\/uploads\/2022\/05\/REUNIONSPUBLIQUES-1.png","contentUrl":"https:\/\/avecchristine.fr\/wp-content\/uploads\/2022\/05\/REUNIONSPUBLIQUES-1.png","width":625,"height":518},{"@type":"BreadcrumbList","@id":"https:\/\/avecchristine.fr\/?page_id=237#breadcrumb","itemListElement":[{"@type":"ListItem","position":1,"name":"Accueil","item":"https:\/\/avecchristine.fr\/"},{"@type":"ListItem","position":2,"name":"Je me mobilise"}]},{"@type":"WebSite","@id":"https:\/\/avecchristine.fr\/#website","url":"https:\/\/avecchristine.fr\/","name":"Avec christine","description":"Et si on y allait","potentialAction":[{"@type":"SearchAction","target":{"@type":"EntryPoint","urlTemplate":"https:\/\/avecchristine.fr\/?s={search_term_string}"},"query-input":{"@type":"PropertyValueSpecification","valueRequired":true,"valueName":"search_term_string"}}],"inLanguage":"fr-FR"}]}},"_links":{"self":[{"href":"https:\/\/avecchristine.fr\/index.php?rest_route=\/wp\/v2\/pages\/237","targetHints":{"allow":["GET"]}}],"collection":[{"href":"https:\/\/avecchristine.fr\/index.php?rest_route=\/wp\/v2\/pages"}],"about":[{"href":"https:\/\/avecchristine.fr\/index.php?rest_route=\/wp\/v2\/types\/page"}],"author":[{"embeddable":true,"href":"https:\/\/avecchristine.fr\/index.php?rest_route=\/wp\/v2\/users\/13"}],"replies":[{"embeddable":true,"href":"https:\/\/avecchristine.fr\/index.php?rest_route=%2Fwp%2Fv2%2Fcomments&post=237"}],"version-history":[{"count":73,"href":"https:\/\/avecchristine.fr\/index.php?rest_route=\/wp\/v2\/pages\/237\/revisions"}],"predecessor-version":[{"id":2458,"href":"https:\/\/avecchristine.fr\/index.php?rest_route=\/wp\/v2\/pages\/237\/revisions\/2458"}],"wp:attachment":[{"href":"https:\/\/avecchristine.fr\/index.php?rest_route=%2Fwp%2Fv2%2Fmedia&parent=237"}],"curies":[{"name":"wp","href":"https:\/\/api.w.org\/{rel}","templated":true}]}}